{"id":6733,"date":"2020-04-13T05:36:34","date_gmt":"2020-04-13T05:36:34","guid":{"rendered":"https:\/\/finimo.be\/intercommunale\/?page_id=6733"},"modified":"2020-04-16T10:30:42","modified_gmt":"2020-04-16T10:30:42","slug":"conseil-dadministration","status":"publish","type":"page","link":"https:\/\/www.finimo.be\/intercommunale\/conseil-dadministration\/","title":{"rendered":"Conseil d\u2019administration"},"content":{"rendered":"\t\t<div data-elementor-type=\"wp-page\" data-elementor-id=\"6733\" class=\"elementor elementor-6733\">\n\t\t\t\t\t\t<section class=\"elementor-section elementor-top-section elementor-element elementor-element-65a7df1 elementor-section-boxed elementor-section-height-default elementor-section-height-default\" data-id=\"65a7df1\" data-element_type=\"section\">\n\t\t\t\t\t\t<div class=\"elementor-container elementor-column-gap-default\">\n\t\t\t\t\t<div class=\"elementor-column elementor-col-100 elementor-top-column elementor-element elementor-element-f0f5bb1\" data-id=\"f0f5bb1\" data-element_type=\"column\">\n\t\t\t<div class=\"elementor-widget-wrap elementor-element-populated\">\n\t\t\t\t\t\t<div class=\"elementor-element elementor-element-00aa521 elementor-widget elementor-widget-text-editor\" data-id=\"00aa521\" data-element_type=\"widget\" data-widget_type=\"text-editor.default\">\n\t\t\t\t<div class=\"elementor-widget-container\">\n\t\t\t\t\t\t\t\t\t<p style=\"margin: 3pt 0cm; line-height: normal; font-size: 11pt; font-family: Calibri, sans-serif; color: #000000; text-align: justify;\"><span lang=\"FR-BE\">Il a les pouvoirs les plus \u00e9tendus pour faire tous les actes d\u2019administration ou de disposition qui int\u00e9ressent l\u2019intercommunale.<\/span><\/p>\n<p style=\"margin: 3pt 0cm; line-height: normal; font-size: 11pt; font-family: Calibri, sans-serif; color: #000000; text-align: justify;\"><span lang=\"FR-BE\">\u00a0<\/span><\/p>\n<p style=\"margin: 3pt 0cm; line-height: normal; font-size: 11pt; font-family: Calibri, sans-serif; color: #000000; text-align: justify;\"><span lang=\"FR-BE\">Il est compos\u00e9 de 15 membres dont un Pr\u00e9sident et un Vice-pr\u00e9sident. \u00a0Ceux-ci sont nomm\u00e9s par l\u2019Assembl\u00e9e g\u00e9n\u00e9rale pour la dur\u00e9e de la l\u00e9gislature. Il s\u2019agit de repr\u00e9sentants politiques des communes associ\u00e9es en FINIMO.<\/span><\/p>\n\t\t\t\t\t\t\t\t<\/div>\n\t\t\t\t<\/div>\n\t\t\t\t<div class=\"elementor-element elementor-element-f579a53 elementor-widget elementor-widget-html\" data-id=\"f579a53\" data-element_type=\"widget\" data-widget_type=\"html.default\">\n\t\t\t\t<div class=\"elementor-widget-container\">\n\t\t\t\t\t<style type=\"text\/css\">\n.tg  {border-collapse:collapse;border-spacing:0;border-color:#bbb;}\n.tg td{font-family:Arial, sans-serif;font-size:14px;padding:10px 5px;border-style:solid;border-width:0px;overflow:hidden;word-break:normal;border-top-width:1px;border-bottom-width:1px;border-color:#bbb;color:#594F4F;background-color:#E0FFEB;}\n.tg th{font-family:Arial, sans-serif;font-size:14px;font-weight:normal;padding:10px 5px;border-style:solid;border-width:0px;overflow:hidden;word-break:normal;border-top-width:1px;border-bottom-width:1px;border-color:#bbb;color:#493F3F;background-color:#9DE0AD;}\n.tg .tg-cly1{text-align:left;vertical-align:middle}\n.tg .tg-c7q8{background-color:#C2FFD6;text-align:left;vertical-align:middle}\n.tg .tg-0lax{text-align:left;vertical-align:top}\n.tg .tg-sjuo{background-color:#C2FFD6;text-align:left;vertical-align:top}\n<\/style>\n<table class=\"tg\">\n  <tr>\n    <th class=\"tg-cly1\">Nom<\/th>\n    <th class=\"tg-cly1\">Titre<\/th>\n    <th class=\"tg-cly1\">Commune<\/th>\n    <th class=\"tg-cly1\"><\/th>\n  <\/tr>\n  <tr>\n    <td class=\"tg-0lax\">Freddy BREUWER<\/td>\n    <td class=\"tg-0lax\">Pr\u00e9sident<\/td>\n    <td class=\"tg-0lax\">Verviers<\/td>\n    <td class=\"tg-0lax\">freddy.breuwer@verviers.be<\/td>\n  <\/tr>\n  <tr>\n    <td class=\"tg-cly1\">Andr\u00e9 SAMRAY<\/td>\n    <td class=\"tg-cly1\">Vice-Pr\u00e9sident<\/td>\n    <td class=\"tg-cly1\">Lierneux<\/td>\n    <td class=\"tg-cly1\">asamray@hotmail.com<\/td>\n  <\/tr>\n  <tr>\n    <td class=\"tg-cly1\">Hasan AYDIN<\/td>\n    <td class=\"tg-cly1\">Administrateur<\/td>\n    <td class=\"tg-cly1\">Verviers<\/td>\n    <td class=\"tg-cly1\">hasan.aydin@cpasverviers.be<\/td>\n  <\/tr>\n  <tr>\n    <td class=\"tg-cly1\">Gilles BRUCK<\/td>\n    <td class=\"tg-cly1\">Administrateur<\/td>\n    <td class=\"tg-cly1\">Spa<\/td>\n    <td class=\"tg-cly1\">gilles.bruck@villedespa.be<\/td>\n  <\/tr>\n  <tr>\n    <td class=\"tg-0lax\">Jean-Pol DELLICOUR<\/td>\n    <td class=\"tg-0lax\">Administrateur<\/td>\n    <td class=\"tg-0lax\">Herve<\/td>\n    <td class=\"tg-0lax\">jeanpol.dellicour@herve.be<\/td>\n  <\/tr>\n  <tr>\n    <td class=\"tg-0lax\">Marc DENARD<\/td>\n    <td class=\"tg-0lax\">Administrateur<\/td>\n    <td class=\"tg-0lax\">Limbourg<\/td>\n    <td class=\"tg-0lax\">marc.denard@ville-limbourg.be<\/td>\n  <\/tr>\n  <tr>\n    <td class=\"tg-0lax\">Arnaud DEWEZ<\/td>\n    <td class=\"tg-0lax\">Administrateur<\/td>\n    <td class=\"tg-0lax\">Dalhem<\/td>\n    <td class=\"tg-0lax\">arnaud_dewez@hotmail.com<\/td>\n  <\/tr>\n  <tr>\n    <td class=\"tg-0lax\">Didier GILKINET<\/td>\n    <td class=\"tg-0lax\">Administrateur<\/td>\n    <td class=\"tg-0lax\">Stoumont<\/td>\n    <td class=\"tg-0lax\">didier.gilkinet@stoumont.be<\/td>\n  <\/tr>\n  <tr>\n    <td class=\"tg-0lax\">Freddy GRIDELET<\/td>\n    <td class=\"tg-0lax\">Administrateur<\/td>\n    <td class=\"tg-0lax\">Ferri\u00e8res<\/td>\n    <td class=\"tg-0lax\">freddy.gridelet@ferrieres.be<\/td>\n  <\/tr>\n  <tr>\n    <td class=\"tg-0lax\">Hajib HAJJAJI<\/td>\n    <td class=\"tg-0lax\">Administrateur<\/td>\n    <td class=\"tg-0lax\">Verviers<\/td>\n    <td class=\"tg-0lax\">hajib.ecolo@gmail.com<\/td>\n  <\/tr>\n  <tr>\n    <td class=\"tg-0lax\">Caroline JACQUET<\/td>\n    <td class=\"tg-0lax\">Administrateur<\/td>\n    <td class=\"tg-0lax\">Thimister-Clermont<\/td>\n    <td class=\"tg-0lax\">caroline.jacquet@thimister-clermont.be<\/td>\n  <\/tr>\n  <tr>\n    <td class=\"tg-0lax\">Caroline MAILLEUX- CASSART<\/td>\n    <td class=\"tg-0lax\">Administrateur<\/td>\n    <td class=\"tg-0lax\">Ouffet<\/td>\n    <td class=\"tg-0lax\">caroline@caroline-cassart.be<\/td>\n  <\/tr>\n  <tr>\n    <td class=\"tg-0lax\">Mathieu MALMENDIER<\/td>\n    <td class=\"tg-0lax\">Administrateur<\/td>\n    <td class=\"tg-0lax\">Theux<\/td>\n    <td class=\"tg-0lax\">mathieu.malmendier@theux.be<\/td>\n  <\/tr>\n  <tr>\n    <td class=\"tg-0lax\">Jean-Claude MEURENS<\/td>\n    <td class=\"tg-0lax\">Administrateur<\/td>\n    <td class=\"tg-0lax\">Aubel<\/td>\n    <td class=\"tg-0lax\">jeanclaude.meurens@gmail.com<\/td>\n  <\/tr>\n  <tr>\n    <td class=\"tg-0lax\">Damien WATHELET<\/td>\n    <td class=\"tg-0lax\">Administrateur<\/td>\n    <td class=\"tg-0lax\">Clavier<\/td>\n    <td class=\"tg-0lax\">wathelet.damien@gmail.com<\/td>\n  <\/tr>\n<\/table>\t\t\t\t<\/div>\n\t\t\t\t<\/div>\n\t\t\t\t\t<\/div>\n\t\t<\/div>\n\t\t\t\t\t<\/div>\n\t\t<\/section>\n\t\t\t\t<section class=\"elementor-section elementor-top-section elementor-element elementor-element-748cae7 elementor-section-boxed elementor-section-height-default elementor-section-height-default\" data-id=\"748cae7\" data-element_type=\"section\">\n\t\t\t\t\t\t<div class=\"elementor-container elementor-column-gap-default\">\n\t\t\t\t\t<div class=\"elementor-column elementor-col-100 elementor-top-column elementor-element elementor-element-cd17839\" data-id=\"cd17839\" data-element_type=\"column\">\n\t\t\t<div class=\"elementor-widget-wrap elementor-element-populated\">\n\t\t\t\t\t\t<div class=\"elementor-element elementor-element-128ca49 elementor-widget elementor-widget-text-editor\" data-id=\"128ca49\" data-element_type=\"widget\" data-widget_type=\"text-editor.default\">\n\t\t\t\t<div class=\"elementor-widget-container\">\n\t\t\t\t\t\t\t\t\t<p><strong><em>Assembl\u00e9e g\u00e9n\u00e9rale\u00a0: <\/em><\/strong><\/p>\n<p>Elle est compos\u00e9e de repr\u00e9sentants d\u00e9sign\u00e9s par chacune des communes associ\u00e9es en FINIMO.<\/p>\n<p>L\u00e9galement, au moins deux assembl\u00e9es g\u00e9n\u00e9rales sont tenues chaque ann\u00e9e\u00a0:<\/p>\n<ol>\n<li>la premi\u00e8re comprend obligatoirement l\u2019approbation des comptes annuels de l\u2019exercice (reprenant la comptabilit\u00e9 analytique, le rapport de gestion, la liste des adjudicataires des march\u00e9s publics ainsi que l\u2019affectation du r\u00e9sultat), les rapports du coll\u00e8ge des contr\u00f4leurs aux comptes ;<\/li>\n<li>la seconde assembl\u00e9e g\u00e9n\u00e9rale suivant l\u2019ann\u00e9e des \u00e9lections communales et celle suivant la moiti\u00e9 du terme de la l\u00e9gislature communale ont n\u00e9cessairement \u00e0 leur ordre du jour l\u2019approbation d\u2019un plan strat\u00e9gique pour trois ans. Chaque ann\u00e9e, une \u00e9valuation annuelle de ce plan strat\u00e9gique est pr\u00e9sent\u00e9e en Assembl\u00e9e g\u00e9n\u00e9rale.<\/li>\n<\/ol>\n<div><span style=\"font-size: 13px;\">\u00a0<\/span><\/div>\n<div>\n<p style=\"margin: 3pt 0cm; line-height: normal; font-size: 11pt; font-family: Calibri, sans-serif; color: #000000; text-align: justify;\"><b><i><span lang=\"FR-BE\">Bureau ex\u00e9cutif\u00a0:\u00a0\u00a0<\/span><\/i><\/b><\/p>\n<\/div>\n\t\t\t\t\t\t\t\t<\/div>\n\t\t\t\t<\/div>\n\t\t\t\t\t<\/div>\n\t\t<\/div>\n\t\t\t\t\t<\/div>\n\t\t<\/section>\n\t\t\t\t<section class=\"elementor-section elementor-top-section elementor-element elementor-element-a2e201a elementor-section-boxed elementor-section-height-default elementor-section-height-default\" data-id=\"a2e201a\" data-element_type=\"section\">\n\t\t\t\t\t\t<div class=\"elementor-container elementor-column-gap-default\">\n\t\t\t\t\t<div class=\"elementor-column elementor-col-100 elementor-top-column elementor-element elementor-element-b93eaef\" data-id=\"b93eaef\" data-element_type=\"column\">\n\t\t\t<div class=\"elementor-widget-wrap elementor-element-populated\">\n\t\t\t\t\t\t<div class=\"elementor-element elementor-element-d0e7379 elementor-widget elementor-widget-html\" data-id=\"d0e7379\" data-element_type=\"widget\" data-widget_type=\"html.default\">\n\t\t\t\t<div class=\"elementor-widget-container\">\n\t\t\t\t\t<style type=\"text\/css\">\n.tg  {border-collapse:collapse;border-spacing:0;width:100%;border-color:#bbb;}\n.tg td{font-family:Arial, sans-serif;font-size:14px;padding:10px 5px;border-style:solid;border-width:0px;overflow:hidden;word-break:normal;border-top-width:1px;border-bottom-width:1px;border-color:#bbb;color:#594F4F;background-color:#E0FFEB;}\n.tg th{font-family:Arial, sans-serif;font-size:14px;font-weight:normal;padding:10px 5px;border-style:solid;border-width:0px;overflow:hidden;word-break:normal;border-top-width:1px;border-bottom-width:1px;border-color:#bbb;color:#493F3F;background-color:#9DE0AD;}\n.tg .tg-cly1{text-align:left;vertical-align:middle}\n.tg .tg-c7q8{background-color:#C2FFD6;text-align:left;vertical-align:middle}\n.tg .tg-0lax{text-align:left;vertical-align:top}\n.tg .tg-sjuo{background-color:#C2FFD6;text-align:left;vertical-align:top}\n<\/style>\n<table class=\"tg\">\n  <tr>\n    <th class=\"tg-cly1\">Nom<\/th>\n    <th class=\"tg-cly1\">Titre<\/th>\n    <th class=\"tg-cly1\">Commune<\/th>\n    <th class=\"tg-0lax\"><\/th>\n  <\/tr>\n  <tr>\n    <td class=\"tg-c7q8\">Freddy BREUWER<\/td>\n    <td class=\"tg-c7q8\">Pr\u00e9sident<\/td>\n    <td class=\"tg-c7q8\">Verviers<\/td>\n    <td class=\"tg-sjuo\">freddy.breuwer@verviers.be<\/td>\n  <\/tr>\n  <tr>\n    <td class=\"tg-cly1\">Andr\u00e9 SAMRAY<\/td>\n    <td class=\"tg-cly1\">Vice-Pr\u00e9sident<\/td>\n    <td class=\"tg-cly1\">Lierneux<\/td>\n    <td class=\"tg-0lax\">asamray@hotmail.com<\/td>\n  <\/tr>\n<\/table>\t\t\t\t<\/div>\n\t\t\t\t<\/div>\n\t\t\t\t\t<\/div>\n\t\t<\/div>\n\t\t\t\t\t<\/div>\n\t\t<\/section>\n\t\t\t\t<\/div>\n\t\t","protected":false},"excerpt":{"rendered":"<p>Il a les pouvoirs les plus \u00e9tendus pour faire tous les actes d\u2019administration ou de disposition qui int\u00e9ressent l\u2019intercommunale. \u00a0 Il est compos\u00e9 de 15 membres dont un Pr\u00e9sident et un Vice-pr\u00e9sident. \u00a0Ceux-ci sont nomm\u00e9s par l\u2019Assembl\u00e9e g\u00e9n\u00e9rale pour la dur\u00e9e de la l\u00e9gislature. Il s\u2019agit de repr\u00e9sentants politiques des communes associ\u00e9es en FINIMO. Nom<\/p>\n","protected":false},"author":1,"featured_media":0,"parent":0,"menu_order":0,"comment_status":"closed","ping_status":"closed","template":"","meta":{"footnotes":""},"class_list":["post-6733","page","type-page","status-publish","hentry"],"_links":{"self":[{"href":"https:\/\/www.finimo.be\/intercommunale\/wp-json\/wp\/v2\/pages\/6733","targetHints":{"allow":["GET"]}}],"collection":[{"href":"https:\/\/www.finimo.be\/intercommunale\/wp-json\/wp\/v2\/pages"}],"about":[{"href":"https:\/\/www.finimo.be\/intercommunale\/wp-json\/wp\/v2\/types\/page"}],"author":[{"embeddable":true,"href":"https:\/\/www.finimo.be\/intercommunale\/wp-json\/wp\/v2\/users\/1"}],"replies":[{"embeddable":true,"href":"https:\/\/www.finimo.be\/intercommunale\/wp-json\/wp\/v2\/comments?post=6733"}],"version-history":[{"count":8,"href":"https:\/\/www.finimo.be\/intercommunale\/wp-json\/wp\/v2\/pages\/6733\/revisions"}],"predecessor-version":[{"id":6834,"href":"https:\/\/www.finimo.be\/intercommunale\/wp-json\/wp\/v2\/pages\/6733\/revisions\/6834"}],"wp:attachment":[{"href":"https:\/\/www.finimo.be\/intercommunale\/wp-json\/wp\/v2\/media?parent=6733"}],"curies":[{"name":"wp","href":"https:\/\/api.w.org\/{rel}","templated":true}]}}

<div data-elementor-type="wp-page" data-elementor-id="6733" class="elementor elementor-6733">
						<section class="elementor-section elementor-top-section elementor-element elementor-element-65a7df1 elementor-section-boxed elementor-section-height-default elementor-section-height-default" data-id="65a7df1" data-element_type="section">
						<div class="elementor-container elementor-column-gap-default">
					<div class="elementor-column elementor-col-100 elementor-top-column elementor-element elementor-element-f0f5bb1" data-id="f0f5bb1" data-element_type="column">
			<div class="elementor-widget-wrap elementor-element-populated">
						<div class="elementor-element elementor-element-00aa521 elementor-widget elementor-widget-text-editor" data-id="00aa521" data-element_type="widget" data-widget_type="text-editor.default">
				<div class="elementor-widget-container">
									<p style="margin: 3pt 0cm; line-height: normal; font-size: 11pt; font-family: Calibri, sans-serif; color: #000000; text-align: justify;"><span lang="FR-BE">Il a les pouvoirs les plus étendus pour faire tous les actes d’administration ou de disposition qui intéressent l’intercommunale.</span></p>
<p style="margin: 3pt 0cm; line-height: normal; font-size: 11pt; font-family: Calibri, sans-serif; color: #000000; text-align: justify;"><span lang="FR-BE"> </span></p>
<p style="margin: 3pt 0cm; line-height: normal; font-size: 11pt; font-family: Calibri, sans-serif; color: #000000; text-align: justify;"><span lang="FR-BE">Il est composé de 15 membres dont un Président et un Vice-président.  Ceux-ci sont nommés par l’Assemblée générale pour la durée de la législature. Il s’agit de représentants politiques des communes associées en FINIMO.</span></p>
								</div>
				</div>
				<div class="elementor-element elementor-element-f579a53 elementor-widget elementor-widget-html" data-id="f579a53" data-element_type="widget" data-widget_type="html.default">
				<div class="elementor-widget-container">
					<style type="text/css">
.tg  {border-collapse:collapse;border-spacing:0;border-color:#bbb;}
.tg td{font-family:Arial, sans-serif;font-size:14px;padding:10px 5px;border-style:solid;border-width:0px;overflow:hidden;word-break:normal;border-top-width:1px;border-bottom-width:1px;border-color:#bbb;color:#594F4F;background-color:#E0FFEB;}
.tg th{font-family:Arial, sans-serif;font-size:14px;font-weight:normal;padding:10px 5px;border-style:solid;border-width:0px;overflow:hidden;word-break:normal;border-top-width:1px;border-bottom-width:1px;border-color:#bbb;color:#493F3F;background-color:#9DE0AD;}
.tg .tg-cly1{text-align:left;vertical-align:middle}
.tg .tg-c7q8{background-color:#C2FFD6;text-align:left;vertical-align:middle}
.tg .tg-0lax{text-align:left;vertical-align:top}
.tg .tg-sjuo{background-color:#C2FFD6;text-align:left;vertical-align:top}
</style>
<table class="tg">
  <tr>
    <th class="tg-cly1">Nom</th>
    <th class="tg-cly1">Titre</th>
    <th class="tg-cly1">Commune</th>
    <th class="tg-cly1"></th>
  </tr>
  <tr>
    <td class="tg-0lax">Freddy BREUWER</td>
    <td class="tg-0lax">Président</td>
    <td class="tg-0lax">Verviers</td>
    <td class="tg-0lax">freddy.breuwer@verviers.be</td>
  </tr>
  <tr>
    <td class="tg-cly1">André SAMRAY</td>
    <td class="tg-cly1">Vice-Président</td>
    <td class="tg-cly1">Lierneux</td>
    <td class="tg-cly1">asamray@hotmail.com</td>
  </tr>
  <tr>
    <td class="tg-cly1">Hasan AYDIN</td>
    <td class="tg-cly1">Administrateur</td>
    <td class="tg-cly1">Verviers</td>
    <td class="tg-cly1">hasan.aydin@cpasverviers.be</td>
  </tr>
  <tr>
    <td class="tg-cly1">Gilles BRUCK</td>
    <td class="tg-cly1">Administrateur</td>
    <td class="tg-cly1">Spa</td>
    <td class="tg-cly1">gilles.bruck@villedespa.be</td>
  </tr>
  <tr>
    <td class="tg-0lax">Jean-Pol DELLICOUR</td>
    <td class="tg-0lax">Administrateur</td>
    <td class="tg-0lax">Herve</td>
    <td class="tg-0lax">jeanpol.dellicour@herve.be</td>
  </tr>
  <tr>
    <td class="tg-0lax">Marc DENARD</td>
    <td class="tg-0lax">Administrateur</td>
    <td class="tg-0lax">Limbourg</td>
    <td class="tg-0lax">marc.denard@ville-limbourg.be</td>
  </tr>
  <tr>
    <td class="tg-0lax">Arnaud DEWEZ</td>
    <td class="tg-0lax">Administrateur</td>
    <td class="tg-0lax">Dalhem</td>
    <td class="tg-0lax">arnaud_dewez@hotmail.com</td>
  </tr>
  <tr>
    <td class="tg-0lax">Didier GILKINET</td>
    <td class="tg-0lax">Administrateur</td>
    <td class="tg-0lax">Stoumont</td>
    <td class="tg-0lax">didier.gilkinet@stoumont.be</td>
  </tr>
  <tr>
    <td class="tg-0lax">Freddy GRIDELET</td>
    <td class="tg-0lax">Administrateur</td>
    <td class="tg-0lax">Ferrières</td>
    <td class="tg-0lax">freddy.gridelet@ferrieres.be</td>
  </tr>
  <tr>
    <td class="tg-0lax">Hajib HAJJAJI</td>
    <td class="tg-0lax">Administrateur</td>
    <td class="tg-0lax">Verviers</td>
    <td class="tg-0lax">hajib.ecolo@gmail.com</td>
  </tr>
  <tr>
    <td class="tg-0lax">Caroline JACQUET</td>
    <td class="tg-0lax">Administrateur</td>
    <td class="tg-0lax">Thimister-Clermont</td>
    <td class="tg-0lax">caroline.jacquet@thimister-clermont.be</td>
  </tr>
  <tr>
    <td class="tg-0lax">Caroline MAILLEUX- CASSART</td>
    <td class="tg-0lax">Administrateur</td>
    <td class="tg-0lax">Ouffet</td>
    <td class="tg-0lax">caroline@caroline-cassart.be</td>
  </tr>
  <tr>
    <td class="tg-0lax">Mathieu MALMENDIER</td>
    <td class="tg-0lax">Administrateur</td>
    <td class="tg-0lax">Theux</td>
    <td class="tg-0lax">mathieu.malmendier@theux.be</td>
  </tr>
  <tr>
    <td class="tg-0lax">Jean-Claude MEURENS</td>
    <td class="tg-0lax">Administrateur</td>
    <td class="tg-0lax">Aubel</td>
    <td class="tg-0lax">jeanclaude.meurens@gmail.com</td>
  </tr>
  <tr>
    <td class="tg-0lax">Damien WATHELET</td>
    <td class="tg-0lax">Administrateur</td>
    <td class="tg-0lax">Clavier</td>
    <td class="tg-0lax">wathelet.damien@gmail.com</td>
  </tr>
</table>				</div>
				</div>
					</div>
		</div>
					</div>
		</section>
				<section class="elementor-section elementor-top-section elementor-element elementor-element-748cae7 elementor-section-boxed elementor-section-height-default elementor-section-height-default" data-id="748cae7" data-element_type="section">
						<div class="elementor-container elementor-column-gap-default">
					<div class="elementor-column elementor-col-100 elementor-top-column elementor-element elementor-element-cd17839" data-id="cd17839" data-element_type="column">
			<div class="elementor-widget-wrap elementor-element-populated">
						<div class="elementor-element elementor-element-128ca49 elementor-widget elementor-widget-text-editor" data-id="128ca49" data-element_type="widget" data-widget_type="text-editor.default">
				<div class="elementor-widget-container">
									<p><strong><em>Assemblée générale : </em></strong></p>
<p>Elle est composée de représentants désignés par chacune des communes associées en FINIMO.</p>
<p>Légalement, au moins deux assemblées générales sont tenues chaque année :</p>
<ol>
<li>la première comprend obligatoirement l’approbation des comptes annuels de l’exercice (reprenant la comptabilité analytique, le rapport de gestion, la liste des adjudicataires des marchés publics ainsi que l’affectation du résultat), les rapports du collège des contrôleurs aux comptes ;</li>
<li>la seconde assemblée générale suivant l’année des élections communales et celle suivant la moitié du terme de la législature communale ont nécessairement à leur ordre du jour l’approbation d’un plan stratégique pour trois ans. Chaque année, une évaluation annuelle de ce plan stratégique est présentée en Assemblée générale.</li>
</ol>
<div><span style="font-size: 13px;"> </span></div>
<div>
<p style="margin: 3pt 0cm; line-height: normal; font-size: 11pt; font-family: Calibri, sans-serif; color: #000000; text-align: justify;"><b><i><span lang="FR-BE">Bureau exécutif :  </span></i></b></p>
</div>
								</div>
				</div>
					</div>
		</div>
					</div>
		</section>
				<section class="elementor-section elementor-top-section elementor-element elementor-element-a2e201a elementor-section-boxed elementor-section-height-default elementor-section-height-default" data-id="a2e201a" data-element_type="section">
						<div class="elementor-container elementor-column-gap-default">
					<div class="elementor-column elementor-col-100 elementor-top-column elementor-element elementor-element-b93eaef" data-id="b93eaef" data-element_type="column">
			<div class="elementor-widget-wrap elementor-element-populated">
						<div class="elementor-element elementor-element-d0e7379 elementor-widget elementor-widget-html" data-id="d0e7379" data-element_type="widget" data-widget_type="html.default">
				<div class="elementor-widget-container">
					<style type="text/css">
.tg  {border-collapse:collapse;border-spacing:0;width:100%;border-color:#bbb;}
.tg td{font-family:Arial, sans-serif;font-size:14px;padding:10px 5px;border-style:solid;border-width:0px;overflow:hidden;word-break:normal;border-top-width:1px;border-bottom-width:1px;border-color:#bbb;color:#594F4F;background-color:#E0FFEB;}
.tg th{font-family:Arial, sans-serif;font-size:14px;font-weight:normal;padding:10px 5px;border-style:solid;border-width:0px;overflow:hidden;word-break:normal;border-top-width:1px;border-bottom-width:1px;border-color:#bbb;color:#493F3F;background-color:#9DE0AD;}
.tg .tg-cly1{text-align:left;vertical-align:middle}
.tg .tg-c7q8{background-color:#C2FFD6;text-align:left;vertical-align:middle}
.tg .tg-0lax{text-align:left;vertical-align:top}
.tg .tg-sjuo{background-color:#C2FFD6;text-align:left;vertical-align:top}
</style>
<table class="tg">
  <tr>
    <th class="tg-cly1">Nom</th>
    <th class="tg-cly1">Titre</th>
    <th class="tg-cly1">Commune</th>
    <th class="tg-0lax"></th>
  </tr>
  <tr>
    <td class="tg-c7q8">Freddy BREUWER</td>
    <td class="tg-c7q8">Président</td>
    <td class="tg-c7q8">Verviers</td>
    <td class="tg-sjuo">freddy.breuwer@verviers.be</td>
  </tr>
  <tr>
    <td class="tg-cly1">André SAMRAY</td>
    <td class="tg-cly1">Vice-Président</td>
    <td class="tg-cly1">Lierneux</td>
    <td class="tg-0lax">asamray@hotmail.com</td>
  </tr>
</table>				</div>
				</div>
					</div>
		</div>
					</div>
		</section>
				</div>

<p>Il a les pouvoirs les plus étendus pour faire tous les actes d’administration ou de disposition qui intéressent l’intercommunale.   Il est composé de 15 membres dont un Président et un Vice-président.  Ceux-ci sont nommés par l’Assemblée générale pour la durée de la législature. Il s’agit de représentants politiques des communes associées en FINIMO. Nom</p>
